
7, 227
What are the prime factors of (-2)/10*-3 + 20599176/3090?
59, 113
Suppose -5*t + 22322 = 4*m, -77*m + 17858 = 4*t - 74*m. What are the prime factors of t?
2, 7, 11, 29
Let h(j) = 3890*j - 210. Let m be h(10). What are the prime factors of m/40 + (1/1)/(-4)?
967
Suppose 4*m - 468 = -2*m. Let c = -74 + m. Suppose -q = -3*q + c*b + 168, 0 = 4*q - 4*b - 324. List the prime factors of q.
2, 3, 13
Let x(l) = 7891*l - 40. List the prime factors of x(1).
3, 2617
Suppose 2*p - 629 = -15*p. Let r(j) = 15*j + 133. What are the prime factors of r(p)?
2, 43
Suppose -3*g = 3*p - 3138, 2*g = -5*p + 1801 + 297. What are the prime factors of g?
2, 3, 29
Let z = 279 + 3097. What are the prime factors of z?
2, 211
Let g = -2466 - -16934. What are the prime factors of g?
2, 3617
Let z(b) = 2593*b - 266. What are the prime factors of z(7)?
5, 7, 73
Suppose -13*r + 9*r = 2*u - 10604, 4*r + 5248 = u. What are the prime factors of u?
2, 1321
Let u be 44/(-154) + (-23)/(-7). Let l(w) = w**3 + 9*w**2 + 7*w - 3. Let m be l(-8). Suppose m*p - u = 7. What are the prime factors of p?
2
Suppose 2*w + 135*u - 137*u - 118774 = 0, 0 = w + 7*u - 59355. What are the prime factors of w?
43, 1381
Let p be 4*2/8*(-44 - -1). Let b = p + 34. What are the prime factors of (-789)/b - (-2)/6?
2, 11
Suppose 19649 = k + 5*m, 4*k - 23*m - 78732 = -26*m. List the prime factors of k.
3, 6563
Suppose 5*j - 319 = -314. List the prime factors of 3 + -3 - j*-205.
5, 41
Suppose -5*w - 84 = -4*p, 4*p + 0*p - 4*w - 80 = 0. Let l(j) = -2*j**2 + 36*j - 14. What are the prime factors of l(p)?
2, 5
Let k = -73 + 113. Let l = 43 - k. Suppose l = q - 20. List the prime factors of q.
23
Let d(z) be the first derivative of z**3 + 31*z**2/2 - 41*z - 104. What are the prime factors of d(-27)?
7, 11, 17
Suppose -5*h + 76 + 83 = -a, -a + 151 = 5*h. What are the prime factors of (-1 + 0)/(h/(-56823))?
3, 13, 47
Let g be 213/(-12) - ((-10)/(-2))/20. List the prime factors of (-4 - g)*(-335)/(-10).
7, 67
Let c = 11631 + 2337. List the prime factors of c.
2, 3, 97
Suppose 0 = -9*u + 6*u + 660. Suppose -u = -5*g - 6*g. Let p = 11 + g. What are the prime factors of p?
31
Suppose 0 = -3*y - 2*f - 11, 5*y + 3*f + 45 = 5*f. Let k(n) = -n**3 - 7*n**2 - 2*n - 10. Let z be k(y). List the prime factors of (z/6 - 0) + 224/6.
2, 19
Let h(v) = -1 - 3 - 2*v - 1 - 2. Let t be h(-6). Suppose 7*y = t*y + 24. List the prime factors of y.
2, 3
Let g be 3409 + (4 - 1 - 3). Let b = g + -2245. List the prime factors of b.
2, 3, 97
Let q(p) = -p**3 - 40*p**2 + 48*p - 384. List the prime factors of q(-45).
3, 7, 19
List the prime factors of ((-40)/10)/(2/(-4098)).
2, 3, 683
Suppose 38*j - 289 - 471 = 0. What are the prime factors of j*(-2)/(-32)*8?
2, 5
Let g be 17/(-3 - 1/((-12)/34)). Let f = g - -43. Let x = 160 + f. What are the prime factors of x?
101
Suppose 0 = -10*c + 11*c - 208. Let i = 1197 - c. List the prime factors of i.
23, 43
Suppose 137*p + 50*p + 55*p = 1111022. List the prime factors of p.
4591
Let p = -73 - -66. Let d(l) = 10*l + 8. Let j be d(p). Let f = -38 - j. What are the prime factors of f?
2, 3
Let s(u) = -u**3 - 17*u**2 - 26*u + 12. Let n be s(-18). Suppose -5*t + 585 + 1435 = -3*m, 2*m = 2*t - n. List the prime factors of t.
11, 37
Suppose 3*j + j + 5*s = 25, -2*s + 27 = 5*j. Suppose -2*r - 3*r = 3*t - 748, j*t + r = 1232. List the prime factors of t.
2, 3, 41
Suppose -3*s + 29877 = -26*s. What are the prime factors of s/(6*(114/24 - 5))?
2, 433
Suppose -4*z = 23*z - 23517. Suppose z = 3*q + 712. List the prime factors of q.
53
Let k = 18289 + -10764. List the prime factors of k.
5, 7, 43
Suppose 126*a = 27*a + 782496. What are the prime factors of a?
2, 13, 19
Let j = -20 + 24. Suppose j*b - 2*g - 448 = 0, -334 = -3*b - g + 2*g. List the prime factors of b.
2, 5, 11
Suppose 1 = 4*w - 5*w, 3*w - 62 = -5*g. Let x(h) = -h**2 + 21*h - 40. Let s be x(g). What are the prime factors of 4 + (s/3)/((-6)/(-9))?
2, 3
Let v be 2/(((-27)/(-207))/(237/2)). Let o = v - 610. List the prime factors of o.
17, 71
Suppose 49*s + 4850 = 44*s. List the prime factors of ((-18)/15)/(6/s).
2, 97
Suppose q - 17 = 5*x, -2*x + 0*x - 6 = 0. Suppose 275 = k - 4*w, k = -3*k + q*w + 1142. List the prime factors of k.
7, 41
Suppose -215438 = -19*t - 5450. What are the prime factors of t?
2, 3, 307
List the prime factors of 9763 - ((-256)/(-224) - (-58)/(-14)).
2, 19, 257
Suppose 4*o = -5*m + 6, -7*o + 2*o + 2*m + 24 = 0. Suppose o*q - 2*q = 2. What are the prime factors of (-1)/q + 2 - -62?
3, 7
List the prime factors of 5*(-278629)/(-325) - (-14)/10.
2, 67
Suppose -477*g = -480*g - 3*v + 1617, -4*v - 549 = -g. List the prime factors of g.
541
Let n(s) = s**2 - 66*s + 20. Let d be n(-12). Suppose -y + 777 = 5*v, -v - d = -5*y + 2799. List the prime factors of y.
2, 47
Suppose 18746 = 10*s + 3*s. Let o = s + -933. List the prime factors of o.
509
Let c(p) = 57*p**2 + 3*p + 8. Suppose 4*l = 3*v - 21, v - 6*v = l - 12. Let b be c(l). Suppose 4*f = 4*r + b, 4*f - r + 3*r = 512. List the prime factors of f.
2
Let j(b) = -26*b + 38 + 27*b + 7. List the prime factors of j(-24).
3, 7
Let n be 4/(-14) + (-23154)/(-42). Suppose n - 47 = 6*t. List the prime factors of t.
2, 3, 7
Let h(n) = -2624*n + 118. What are the prime factors of h(-2)?
2, 2683
Suppose -24338 = -d + 12*m - 10*m, -5*d + 121720 = -4*m. List the prime factors of d.
2, 3, 2029
Suppose -4*i + 5*i - 853 = 4*w, -w = -i + 862. Suppose -2*c + 1732 = 4*g, -3*c + 2*c - g = -i. List the prime factors of c.
2, 3
Let z(n) = -27 - 11*n**2 + 14*n + 11*n**2 + 9*n**2 + 9*n**2 + n**3. What are the prime factors of z(-15)?
2, 3, 73
Let h be (35/(-2))/((-7)/(-238)). Let r = h + 1262. What are the prime factors of r?
23, 29
Let t(x) = -75*x**3 + x**2 + 7*x - 10. Let y be t(2). Let g = 1281 + y. What are the prime factors of g?
13, 53
Suppose 5*y + 6 = -2*b, 4*b - 3*y - 57 = -17. Suppose b*h - 204 = 5*h. Let j = h - 35. List the prime factors of j.
67
Let j(y) = -99*y - 48. Let d be (-12 + 10 - (1 - 2))*6. What are the prime factors of j(d)?
2, 3, 7, 13
Suppose -4*l - 5*m + 15200 = 0, -2*l + 2873 + 4725 = 2*m. List the prime factors of l.
3, 5, 11, 23
Suppose -21*p = -121747 - 16328. List the prime factors of p.
5, 263
Let j = 1551 - 996. What are the prime factors of (j/1 - -6) + 6?
3, 7
Let a = 1609 - 2330. Let i = 1088 + a. List the prime factors of i.
367
Let b(l) = 9*l - 2*l + 7*l**2 - 2*l**2 - 3. Suppose -21 - 208 + 27 = -101*f. List the prime factors of b(f).
31
Suppose -2*i + 0*i = -56. Let o = -39 + i. Let m(c) = c**2 - c - 11. List the prime factors of m(o).
11
Let w(t) = -3*t**3 + 2*t**2 - t + 2. Let y be w(2). Let g = -4 - y. Let n = 26 - g. What are the prime factors of n?
2, 7
Suppose -17*m - 729 + 270 = 0. Let s = 208 + m. List the prime factors of s.
181
Let v be 496/93 - (-1 + 4/3). Suppose -u + 322 = c - 0*c, -v*u + 956 = 3*c. List the prime factors of c.
3, 109
Let u(c) = 73274*c**2 + 8*c + 9. List the prime factors of u(1).
73291
Suppose 486*n = 483*n - 69. Let c(a) = -9*a - 65. What are the prime factors of c(n)?
2, 71
Let b(h) = 2*h - 5. Let a be b(7). Suppose -10*n + 145 = -a*n. Let w = -27 + n. List the prime factors of w.
2, 59
Suppose -1621 + 5597 = 4*a + l, -4*a + 5*l + 4000 = 0. Suppose -f - 6*u + 4*u + 251 = 0, 0 = 4*f + 5*u - a. What are the prime factors of f?
5, 7
Let k be 2/(2 - 1322/331 - -2). Suppose 0 = w - 23 - k. Suppose 0 = 2*z - 8*z + w. List the prime factors of z.
59
Suppose -2*j = 2*v, -5*j - 2*v + 7*v - 30 = 0. Let u(f) = -414*f + 101. What are the prime factors of u(j)?
17, 79
Let t = 11131 - 3693. What are the prime factors of t?
2, 3719
Let p(y) = -36*y**3 - 2*y**2 - 2*y + 3. Let v be p(2). Let c(r) = r**2 + 15*r - 132. Let g be c(-14). Let t = g - v. List the prime factors of t.
151
Let c(v) = -116*v + 149. Suppose 3*t + 47 = 5*y, -5*y = 4*t - 3*y + 28. List the prime factors of c(t).
1193
Suppose -10*m + 4*m - 1614 = 0. Let v = 425 + m. Suppose -v = -l + 3*r - 0*r, 398 = 3*l + 5*r. List the prime factors of l.
3, 47
Let g = 22695 - -9052. List the prime factors of g.
53, 599
Let m(k) = -6*k + 9. Let w(n) = 4*n - 9. Let t(j) = -6*m(j) - 7*w(j). Let z be t(-1). What are the prime factors of (z + 41)*(-180)/(-35)?
2, 3
Let j = 10 + -14. Let t = 1